?
17
What is the greatest common factor of 3626 and 666?
74
What is the highest common factor of 2674 and 126?
14
What is the greatest common divisor of 108 and 7728?
12
Calculate the greatest common divisor of 1 and 167.
1
What is the highest common factor of 244 and 4941?
61
What is the greatest common factor of 1824 and 57?
57
What is the greatest common divisor of 10 and 37?
1
What is the greatest common divisor of 580 and 32770?
290
What is the greatest common divisor of 15 and 2868?
3
What is the highest common divisor of 3053 and 1892?
43
What is the highest common divisor of 30217 and 67?
67
Calculate the greatest common factor of 42 and 2415.
21
What is the greatest common factor of 115 and 184?
23
What is the greatest common divisor of 1548 and 324?
36
What is the greatest common divisor of 22 and 66?
22
Calculate the highest common divisor of 312 and 3144.
24
Calculate the highest common factor of 64 and 20.
4
What is the greatest common factor of 9 and 1?
1
What is the greatest common factor of 32 and 1056?
32
What is the greatest common divisor of 253 and 6233?
23
What is the greatest common divisor of 20 and 170?
10
Calculate the highest common factor of 23 and 3634.
23
Calculate the highest common factor of 9 and 8496.
9
What is the greatest common factor of 96 and 60?
12
What is the greatest common divisor of 3626 and 74?
74
What is the highest common factor of 2 and 128?
2
Calculate the highest common factor of 252 and 2331.
63
What is the greatest common divisor of 292 and 2117?
73
Calculate the highest common factor of 49395 and 45.
15
Calculate the highest common divisor of 187 and 44.
11
Calculate the greatest common divisor of 9 and 1.
1
What is the greatest common divisor of 888 and 72?
24
Calculate the greatest common factor of 15 and 9705.
15
Calculate the greatest common divisor of 142 and 923.
71
Calculate the greatest common factor of 8959 and 31.
31
Calculate the highest common factor of 114 and 722.
38
Calculate the greatest common factor of 322 and 126.
14
What is the highest common divisor of 29 and 116?
29
Calculate the highest common factor of 20 and 20.
20
Calculate the highest common divisor of 43 and 28810.
43
What is the greatest common factor of 487 and 3?
1
What is the highest common factor of 19 and 551?
19
What is the highest common divisor of 2112 and 192?
192
Calculate the highest common divisor of 24894 and 54.
54
What is the highest common divisor of 6 and 218?
2
What is the highest common divisor of 16 and 68?
4
Calculate the highest common divisor of 123 and 205.
41
What is the highest common factor of 96 and 72?
24
What is the greatest common divisor of 27 and 18?
9
Calculate the highest common divisor of 81 and 648.
81
What is the highest common factor of 8591 and 484?
121
Calculate the highest common factor of 1425 and 57.
57
Calculate the highest common factor of 15050 and 301.
301
Calculate the highest common factor of 153 and 19125.
153
Calculate the highest common factor of 68 and 1292.
68
What is the greatest common factor of 170 and 110?
10
Calculate the greatest common factor of 6 and 1233.
3
What is the highest common factor of 352 and 240?
16
Calculate the greatest common divisor of 16 and 216.
8
Calculate the greatest common factor of 2556 and 36.
36
Calculate the highest common divisor of 6707 and 19.
19
What is the greatest common divisor of 27563 and 129?
43
What is the greatest common divisor of 1080 and 220?
20
Calculate the highest common divisor of 39 and 1586.
13
What is the highest common factor of 149 and 39932?
149
Calculate the greatest common divisor of 72827 and 19.
19
What is the highest common divisor of 415 and 1411?
83
What is the greatest common divisor of 133 and 8512?
133
Calculate the greatest common divisor of 320 and 10.
10
What is the greatest common factor of 1443 and 222?
111
Calculate the greatest common factor of 2680 and 10.
10
What is the greatest common factor of 984 and 72?
24
Calculate the highest common factor of 693 and 297.
99
Calculate the highest common divisor of 5880 and 80.
40
Calculate the greatest common divisor of 150 and 24.
6
What is the greatest common divisor of 22 and 407?
11
Calculate the greatest common divisor of 1127 and 253.
23
Calculate the highest common factor of 7105 and 1715.
245
Calculate the greatest common factor of 1440 and 2720.
160
Calculate the highest common factor of 14 and 28.
14
Calculate the greatest common divisor of 7 and 56.
7
Calculate the highest common factor of 469 and 737.
67
Calculate the greatest common divisor of 52110 and 5.
5
What is the highest common factor of 17 and 2839?
17
What is the greatest common divisor of 61 and 2501?
61
What is the greatest common factor of 1586 and 26?
26
Calculate the greatest common factor of 154 and 66.
22
What is the highest common divisor of 48 and 138?
6
What is the highest common factor of 16192 and 16?
16
What is the highest common factor of 235 and 19?
1
Calculate the highest common factor of 37 and 1591.
37
What is the highest common divisor of 156 and 260?
52
What is the greatest common divisor of 1972 and 116?
116
Calculate the highest common divisor of 167 and 1336.
167
What is the highest common factor of 441 and 2016?
63
What is the highest common divisor of 21 and 91?
7
What is the greatest common factor of 783 and 18?
9
What is the greatest common divisor of 589 and 899?
31
What is the greatest common divisor of 6 and 70?
2
Calculate the highest common factor of 48 and 528.
48
What is the highest common factor of 8 and 19528?
8
What is the greatest common divisor of 11700 and 120?
60
Calculate the greatest common factor of 169 and 52.
13
Calculate the greatest common divisor of 510 and 918.
102
Calculate the highest common factor of 10 and 235.
5
What is the highest common divisor of 112 and 2604?
28
Calculate the highest common divisor of 259 and 37.
37
Calculate the highest common divisor of 30 and 7290.
30
Calculate the highest common divisor of 1034 and 22.
22
Calculate the highest common divisor of 170 and 2278.
34
Calculate the greatest common divisor of 117 and 156.
39
Calculate the greatest common divisor of 2 and 74.
2
Calculate the highest common factor of 305 and 5917.
61
What is the highest common factor of 287 and 35?
7
What is the highest common divisor of 56 and 504?
56
Calculate the greatest common divisor of 45 and 26145.
45
Calculate the greatest common divisor of 1850 and 148.
74
What is the highest common factor of 33 and 42504?
33
Calculate the highest common divisor of 44 and 88.
44
Calculate the highest common factor of 481 and 1209.
13
What is the highest common divisor of 36 and 64?
4
What is the highest common divisor of 1560 and 39?
39
What is the greatest common divisor of 11 and 3949?
11
What is the highest common factor of 112 and 40?
8
Calculate the highest common divisor of 335 and 40.
5
What is the greatest common factor of 42957 and 129?
129
Calculate the highest common divisor of 7020 and 75.
15
What is the greatest common divisor of 6360 and 360?
120
What is the greatest common factor of 20 and 140?
20
Calculate the highest common divisor of 18 and 576.
18
What is the highest common divisor of 88 and 32?
8
Calculate the highest common divisor of 170 and 255.
85
Calculate the highest common factor of 176 and 7216.
176
Calculate the highest common divisor of 25 and 575.
25
What is the highest common factor of 4730 and 516?
86
What is the highest common divisor of 5846 and 518?
74
Calculate the greatest common factor of 110 and 990.
110
Calculate the greatest common factor of 4024 and 16.
8
What is the greatest common factor of 60 and 5775?
15
Calculate the highest common factor of 112 and 616.
56
What is the greatest common factor of 4 and 9442?
2
Calculate the highest common factor of 42 and 483.
21
Calculate the highest common factor of 22 and 84.
2
Calculate the highest common factor of 268 and 134.
134
What is the greatest common factor of 583 and 106?
53
What is the greatest common factor of 90 and 49500?
90
What is the highest common divisor of 18 and 174?
6
What is the highest common divisor of 25 and 280?
5
What is the greatest common factor of 18 and 153?
9
What is the greatest common divisor of 507 and 105